n**2 + 7*n + 7. Let m = 2 + -7. List the prime factors of u(m).
2, 11
Suppose 3*g + 41 = 134. List the prime factors of g.
31
Suppose -15 = 5*g + 5. Let d = 4 + g. Let f = 8 + d. What are the prime factors of f?
2
Let c = 2 + 1. Let n be (-1)/(-3 + 2)*0. Suppose n = -c*y + 14 + 10. What are the prime factors of y?
2
Suppose 0 = -o + 2*g + 28, 0 = -2*o + 4*g + g + 53. List the prime factors of o.
2, 17
Let y = 21 + -4. Let r = 20 - y. What are the prime factors of r?
3
Suppose -3*t + i = -6*t - 16, -5*t + 4*i - 21 = 0. Let c(x) = -x**3 - 5*x**2 + x + 7. What are the prime factors of c(t)?
2
Suppose -k + 2*k = 5. Suppose 3*b + v = 36, -18 + 78 = 5*b - k*v. List the prime factors of b.
2, 3
Let x(l) = -l**2 + 8*l + 3. Suppose 0 = -5*m + m + 8. Suppose 4 = -u + m*u. List the prime factors of x(u).
19
Let y = 24 + -16. What are the prime factors of y?
2
Suppose 2*h = 3*h - 2*f - 237, -h - f = -252. List the prime factors of h.
13, 19
Let w = 142 + -15. List the prime factors of w.
127
Suppose -z - 2*d - 3 = -7, 0 = -4*z - 5*d + 31. Suppose -b + 5*b + 36 = 0. Let q = b + z. What are the prime factors of q?
5
Suppose -1 = -5*b + 4. Let d be b*87/(0 + -3). Let p = -15 - d. List the prime factors of p.
2, 7
Let v be (12/(-9))/((-2)/(-6)). Let k(q) = -2 + 0*q - 3*q + 1. List the prime factors of k(v).
11
Let p = -3 + 3. Suppose -3*c + 9 = p, -3 = -s - 3*c + 34. List the prime factors of s.
2, 7
Let f(b) = b**2 - 10*b + 14. Let v be f(10). Let o = v + -6. List the prime factors of o.
2
Let v = 14 - 10. List the prime factors of v.
2
Let i = -6 - -24. Suppose -6 = 5*x - 51. Let n = i - x. List the prime factors of n.
3
Let h(t) = -t - 2. Let n be h(-6). Suppose -n = -q + 8. List the prime factors of q.
2, 3
Let d(x) = 4*x**2 + 3*x + 7. Let m be d(-6). Let o(f) = f**3 + 6*f**2 + f + 8. Let n be o(-6). What are the prime factors of n/8 - m/(-28)?
5
Let c = -117 - -167. Suppose 5*w = -5*l - c, -l - l = -w - 13. Let r = w + 25. List the prime factors of r.
2, 7
Suppose 0 = 3*o + 2*o + 15. Let k = o + 5. List the prime factors of k.
2
Let z = 6 + -14. Let b = 3 - z. What are the prime factors of b?
11
Let c(u) = u**3 + 6*u**2 - 6. Let h be c(-6). Let l(n) = n**2 + 3*n - 6. What are the prime factors of l(h)?
2, 3
Let v = 2 + 2. Suppose 3*g - v = 5*g. What are the prime factors of -3 - -2 - g - -5?
2, 3
Let s = -5 + 6. Let a be (-1 + s - 1)*0. Suppose -6*g + 3*g + 18 = a. What are the prime factors of g?
2, 3
Let d(v) = 5*v + 17. Let q(p) = 3*p + 11. Let n(k) = -5*d(k) + 8*q(k). List the prime factors of n(-8).
11
Let o(d) = d**3 - d**2 - 7*d. What are the prime factors of o(5)?
5, 13
Let i(k) = k**2 - k + 20. Let o be i(0). Let g = o - 0. List the prime factors of g.
2, 5
Let h(y) = 8*y - 14. List the prime factors of h(11).
2, 37
Let w(i) = -i**3 - i**2 + i + 28. Let p be w(0). Let n = 83 - 43. Let c = n - p. What are the prime factors of c?
2, 3
Suppose 0*j + 6 = 2*j. Suppose 4*s - 5 = j. List the prime factors of s.
2
Suppose 0 = -2*y + 6*y - 8. Suppose -y*o = -0*o. Suppose -2*r = -o*r - 18. List the prime factors of r.
3
Suppose 2 - 7 = -2*b - g, b = -5*g - 2. List the prime factors of b.
3
Suppose 0 = 3*d + 4*l - 274, -3*d - 4*l + 462 = 2*d. List the prime factors of d.
2, 47
Let l = -8 - -314. List the prime factors of l.
2, 3, 17
Let q = -46 - -63. What are the prime factors of q?
17
Let v(z) = 2*z**2 + 2. What are the prime factors of v(0)?
2
Suppose -4*c + 3*j + 9 = 0, -2 = 2*c - 3*c + j. Suppose -2*q + 3*b = 25, c*b + 55 = -3*q + 10. What are the prime factors of 0/(-2) - (q - -3)?
11
Let i = 15 - 11. List the prime factors of i/(-3)*9/(-6).
2
Let y(u) = -u**3 - 4*u**2 - 2*u + 2. Let m be y(-2). Let d = 12 + -20. Let h = m - d. List the prime factors of h.
2, 3
Let w(f) = 7*f**2 + 6*f + 6. Let b(r) = 6*r**2 + 6*r + 5. Let i(o) = 6*b(o) - 5*w(o). Suppose 5*v + 3 = -37. What are the prime factors of i(v)?
2
Let i(d) = d**3 - 5*d**2 - 5*d - 4. Let u be i(6). Suppose 4*r - 46 = -u. Let t = r - 4. What are the prime factors of t?
7
Let k(z) = z + 8. Let y be k(-6). Suppose -y*v + 10 = -8. What are the prime factors of v?
3
Let x(i) be the third derivative of -i**5/60 - 7*i**4/24 - 2*i**3/3 + i**2. Let g be x(-5). List the prime factors of -1*g/(-3) + 7.
3
Let u(y) = -3*y + 18. Let s be u(9). Let z be (1 - 0)*(-2 - -2). Let f = z - s. List the prime factors of f.
3
Let c = -7 - -10. List the prime factors of c.
3
Let s = 68 - 19. List the prime factors of s.
7
Suppose 0 = 4*p + 9 + 11. Let y = p - -8. List the prime factors of y.
3
Let k be 1 + 3*(1 + 0). Let s(v) = -v**3 + 5*v**2 - 2*v - 5. What are the prime factors of s(k)?
3
Let l(m) = m**2 + 3*m - 4. Let t be l(-3). Let d be 36 - (-2 - t)*1. Let z = d + -20. List the prime factors of z.
2, 7
Let l(u) = u - 2. Let i be (22/(-11))/(4/(-10)). Let g be l(i). Suppose m - g = 9. List the prime factors of m.
2, 3
Let y(i) be the second derivative of 3*i**5/20 - i**3/6 - 3*i. Let x be y(1). What are the prime factors of 0 + 5 + (5 - x)?
2
Let w(t) = 4*t**2 + 2*t + 1. Let q be w(3). Let a = q - 15. List the prime factors of a.
2, 7
Let q(y) = y**2 + 8*y + 5. Suppose 0 = d + 14 - 4. What are the prime factors of q(d)?
5
Let t be ((0 + 0)*-1)/(-1 - 2). Let c be 7*(46/14 + 1). Suppose -3*d = -c - t. List the prime factors of d.
2, 5
Suppose 61 = -2*w - o, w + 4*o + 48 = -0*o. Let t = -15 - w. What are the prime factors of t?
13
Let c(w) = w**2 + 5*w - 5. Let u = 8 - 14. Let o be c(u). List the prime factors of (4/2)/(o/4).
2
Let w(h) = 5*h**2 + h + 19. Let m(r) = -6*r**2 - 20. Let j(t) = 6*m(t) + 7*w(t). What are the prime factors of j(6)?
19
Let h = 58 - 18. List the prime factors of h.
2, 5
Let t(j) = 17*j**3 - 2*j**2 + 2*j - 1. Let x = 2 - 1. What are the prime factors of t(x)?
2
Let v(p) = 7*p - 7. Let h(q) = 6*q - 7. Let u(t) = -6*h(t) + 5*v(t). Suppose -2*k + 2*r = 0, 2*k + r + 7 = -8. What are the prime factors of u(k)?
2, 3
Suppose f - 12 = -3. List the prime factors of f.
3
Let f be (25/(-10))/(3/18). Let v = f - -53. What are the prime factors of v?
2, 19
Let u(x) = 0*x - 4*x - 7 + 3*x. Let c be u(-8). What are the prime factors of ((-28)/(-20))/(c/5)?
7
Suppose 3*r + 310 = 8*r. What are the prime factors of r?
2, 31
Let a(y) = -y**3 + 4*y**2 + 3*y + 1. Let s be 3*(0 - 4/(-3)). List the prime factors of a(s).
13
Suppose 0*k + 4*k = 2*s + 198, -4*s + 27 = k. List the prime factors of k.
47
Let v(o) be the third derivative of -o**6/120 + 11*o**5/60 - o**4/3 - o**3 + o**2. List the prime factors of v(10).
2, 7
Suppose 7*g - 3*g - 20 = 0. Suppose -68 = 3*v - g*v. List the prime factors of v.
2, 17
Suppose -428 = -3*b + 73. List the prime factors of b.
167
Let b(g) = g**2 - 8*g - 5. Let i be b(4). Let y = 10 - i. Suppose 6 = -5*h + y. What are the prime factors of h?
5
Suppose 3*b - 141 = 54. Suppose -3*l = -8*l + b. What are the prime factors of l?
13
Let j(p) = 5*p - 22. List the prime factors of j(12).
2, 19
Let u be 8/(-3)*(1 + (-20)/8). Let b(h) = -h**2 + h + 1. Let z(g) = -4*g**2 + 9*g - 3. Let t(d) = -3*b(d) + z(d). List the prime factors of t(u).
2
Suppose 2*j - 5 = 29. Suppose 0 = -3*f + 5*o - 13 + 71, -o + j = 2*f. What are the prime factors of f?
11
Let q(s) be the first derivative of s**4/4 - s**3 + s**2/2 - 12*s - 8. List the prime factors of q(5).
43
Let u = -11 + 18. Let l = -2 + u. List the prime factors of l.
5
Let q(m) = m**3 + m + 45. Suppose p = -3*p. What are the prime factors of q(p)?
3, 5
Let w = 9 - 17. Let b be 0 + w/(1 + -3). List the prime factors of (-9)/(-3) + 2 + b.
3
Let i be (-12)/10*275/(-10). Suppose -4*l + i - 1 = 0. What are the prime factors of l?
2
Suppose -k = -f - 0*k + 209, 3*k - 657 = -3*f. What are the prime factors of f?
2, 107
Let u be 72/15 + (-2)/(-10). Suppose -3*c + 14 = -2*r + 6*r, 3*c - u*r - 23 = 0. List the prime factors of c.
2, 3
Let c be (-1 - -3) + -16 + 0. What are the prime factors of (c/(-2))/(2/2)?
7
Let r = -3 + 34. Suppose d + r = 2*d. What are the prime factors of d?
31
Suppose 5*g - 3 = 12. Suppose g*x + 8 = 20. What are the prime factors of x?
2
Suppose -w + 2*q = 2*w - 349, w - 117 = q. Suppose -4*a + 116 = 4*t, -5*t - a = -2*a - w. Suppose -t = 3*m - 7*m. What are the prime factors of m?
2, 3
Suppose 2*u + 8 - 36 = 2*d, -4*d = 4. List t